{"id":66,"date":"2021-01-30T16:48:24","date_gmt":"2021-01-30T15:48:24","guid":{"rendered":"http:\/\/www.adarveadar.com\/?page_id=66"},"modified":"2021-02-01T12:21:06","modified_gmt":"2021-02-01T11:21:06","slug":"greeting-cards","status":"publish","type":"page","link":"https:\/\/www.adarveadar.com\/index.php\/greeting-cards\/","title":{"rendered":"Greeting cards"},"content":{"rendered":"\n<p><strong>Greeting cards: <\/strong>nine different subjects, from original works and illuminations of Even Caredio. The themes represent Jewish Holidays and special events like: Pesach, Chanukk\u00e0, Rosh Ha Shan\u00e0 or Birth Mil\u00e0, Bar-Bat Mitzvah, Marriage, others with special themes: Mazal, Birchat ha Baith. <br>Printed in limited edition 1000 copies, four colours plus hot gold on Tintoretto Fabriano paper 220 gsm &#8211; Size 15&#215;21 cm closed, 30&#215;21 open &#8211; Wallet envelope Fedrigoni Century <br>Price \u20ac 3.00 + shipping<\/p>\n\n\n\n<div class=\"wp-block-columns\">\n<div class=\"wp-block-column\">\n<figure class=\"wp-block-image size-large\"><a href=\"https:\/\/www.adarveadar.com\/wp-content\/uploads\/2021\/01\/greeting-cards5-1.jpg\"><img loading=\"lazy\" width=\"358\" height=\"498\" src=\"https:\/\/www.adarveadar.com\/wp-content\/uploads\/2021\/01\/greeting-cards5-1.jpg\" alt=\"\" class=\"wp-image-72\" srcset=\"https:\/\/www.adarveadar.com\/wp-content\/uploads\/2021\/01\/greeting-cards5-1.jpg 358w, https:\/\/www.adarveadar.com\/wp-content\/uploads\/2021\/01\/greeting-cards5-1-216x300.jpg 216w\" sizes=\"(max-width: 358px) 100vw, 358px\" \/><\/a><\/figure>\n\n\n\n<p>1\/ Pesach<\/p>\n<\/div>\n\n\n\n<div class=\"wp-block-column\">\n<figure class=\"wp-block-image size-large\"><a href=\"https:\/\/www.adarveadar.com\/wp-content\/uploads\/2021\/01\/greeting-cards4-1.jpg\"><img loading=\"lazy\" width=\"358\" height=\"498\" src=\"https:\/\/www.adarveadar.com\/wp-content\/uploads\/2021\/01\/greeting-cards4-1.jpg\" alt=\"\" class=\"wp-image-71\" srcset=\"https:\/\/www.adarveadar.com\/wp-content\/uploads\/2021\/01\/greeting-cards4-1.jpg 358w, https:\/\/www.adarveadar.com\/wp-content\/uploads\/2021\/01\/greeting-cards4-1-216x300.jpg 216w\" sizes=\"(max-width: 358px) 100vw, 358px\" \/><\/a><\/figure>\n\n\n\n<p>2\/ Chanukkah<\/p>\n<\/div>\n\n\n\n<div class=\"wp-block-column\">\n<figure class=\"wp-block-image size-large\"><a href=\"https:\/\/www.adarveadar.com\/wp-content\/uploads\/2021\/01\/greeting-cards1-1.jpg\"><img loading=\"lazy\" width=\"357\" height=\"498\" src=\"https:\/\/www.adarveadar.com\/wp-content\/uploads\/2021\/01\/greeting-cards1-1.jpg\" alt=\"\" class=\"wp-image-68\" srcset=\"https:\/\/www.adarveadar.com\/wp-content\/uploads\/2021\/01\/greeting-cards1-1.jpg 357w, https:\/\/www.adarveadar.com\/wp-content\/uploads\/2021\/01\/greeting-cards1-1-215x300.jpg 215w\" sizes=\"(max-width: 357px) 100vw, 357px\" \/><\/a><\/figure>\n\n\n\n<p>3\/ Lekh\u00e0 Dod\u00ec<\/p>\n<\/div>\n<\/div>\n\n\n\n<div class=\"wp-block-columns\">\n<div class=\"wp-block-column\">\n<figure class=\"wp-block-image size-large\"><a href=\"https:\/\/www.adarveadar.com\/wp-content\/uploads\/2021\/01\/greeting-cards3-1.jpg\"><img loading=\"lazy\" width=\"357\" height=\"498\" src=\"https:\/\/www.adarveadar.com\/wp-content\/uploads\/2021\/01\/greeting-cards3-1.jpg\" alt=\"\" class=\"wp-image-70\" srcset=\"https:\/\/www.adarveadar.com\/wp-content\/uploads\/2021\/01\/greeting-cards3-1.jpg 357w, https:\/\/www.adarveadar.com\/wp-content\/uploads\/2021\/01\/greeting-cards3-1-215x300.jpg 215w\" sizes=\"(max-width: 357px) 100vw, 357px\" \/><\/a><\/figure>\n\n\n\n<p>4\/ Mazal (Luck)<\/p>\n<\/div>\n\n\n\n<div class=\"wp-block-column\">\n<figure class=\"wp-block-image size-large\"><a href=\"https:\/\/www.adarveadar.com\/wp-content\/uploads\/2021\/01\/greeting-cards6-1.jpg\"><img loading=\"lazy\" width=\"356\" height=\"498\" src=\"https:\/\/www.adarveadar.com\/wp-content\/uploads\/2021\/01\/greeting-cards6-1.jpg\" alt=\"\" class=\"wp-image-73\" srcset=\"https:\/\/www.adarveadar.com\/wp-content\/uploads\/2021\/01\/greeting-cards6-1.jpg 356w, https:\/\/www.adarveadar.com\/wp-content\/uploads\/2021\/01\/greeting-cards6-1-214x300.jpg 214w\" sizes=\"(max-width: 356px) 100vw, 356px\" \/><\/a><\/figure>\n\n\n\n<p>5\/ Pirkei Avot 3:17<\/p>\n<\/div>\n\n\n\n<div class=\"wp-block-column\">\n<figure class=\"wp-block-image size-large\"><a href=\"https:\/\/www.adarveadar.com\/wp-content\/uploads\/2021\/01\/greeting-cards7-1.jpg\"><img loading=\"lazy\" width=\"357\" height=\"498\" src=\"https:\/\/www.adarveadar.com\/wp-content\/uploads\/2021\/01\/greeting-cards7-1.jpg\" alt=\"\" class=\"wp-image-67\" srcset=\"https:\/\/www.adarveadar.com\/wp-content\/uploads\/2021\/01\/greeting-cards7-1.jpg 357w, https:\/\/www.adarveadar.com\/wp-content\/uploads\/2021\/01\/greeting-cards7-1-215x300.jpg 215w\" sizes=\"(max-width: 357px) 100vw, 357px\" \/><\/a><\/figure>\n\n\n\n<p>6\/ Happy new year<\/p>\n<\/div>\n<\/div>\n\n\n\n<div class=\"wp-block-columns\">\n<div class=\"wp-block-column\">\n<figure class=\"wp-block-image size-large\"><a href=\"https:\/\/www.adarveadar.com\/wp-content\/uploads\/2021\/01\/greeting-cards2-1.jpg\"><img loading=\"lazy\" width=\"359\" height=\"498\" src=\"http:\/\/www.adarveadar.com\/wp-content\/uploads\/2021\/01\/greeting-cards2-1.jpg\" alt=\"\" class=\"wp-image-69\" srcset=\"https:\/\/www.adarveadar.com\/wp-content\/uploads\/2021\/01\/greeting-cards2-1.jpg 359w, https:\/\/www.adarveadar.com\/wp-content\/uploads\/2021\/01\/greeting-cards2-1-216x300.jpg 216w\" sizes=\"(max-width: 359px) 100vw, 359px\" \/><\/a><\/figure>\n\n\n\n<p>7\/ Song of Songs 2:1<\/p>\n<\/div>\n\n\n\n<div class=\"wp-block-column\">\n<figure class=\"wp-block-image size-large\"><a href=\"https:\/\/www.adarveadar.com\/wp-content\/uploads\/2021\/01\/greeting-cards8-1.jpg\"><img loading=\"lazy\" width=\"799\" height=\"498\" src=\"http:\/\/www.adarveadar.com\/wp-content\/uploads\/2021\/01\/greeting-cards8-1.jpg\" alt=\"\" class=\"wp-image-75\" srcset=\"https:\/\/www.adarveadar.com\/wp-content\/uploads\/2021\/01\/greeting-cards8-1.jpg 799w, https:\/\/www.adarveadar.com\/wp-content\/uploads\/2021\/01\/greeting-cards8-1-300x187.jpg 300w, https:\/\/www.adarveadar.com\/wp-content\/uploads\/2021\/01\/greeting-cards8-1-768x479.jpg 768w\" sizes=\"(max-width: 799px) 100vw, 799px\" \/><\/a><\/figure>\n\n\n\n<p>8\/<\/p>\n<\/div>\n\n\n\n<div class=\"wp-block-column\">\n<figure class=\"wp-block-image\"><img alt=\"\"\/><\/figure>\n\n\n\n<p><\/p>\n<\/div>\n<\/div>\n\n\n\n<p><\/p>\n","protected":false},"excerpt":{"rendered":"<p>Greeting cards: nine different subjects, from original works and illuminations of Even Caredio. The themes represent Jewish Holidays and special events like: Pesach, Chanukk\u00e0, Rosh Ha Shan\u00e0 or Birth Mil\u00e0, Bar-Bat Mitzvah, Marriage, others with special themes: Mazal, Birchat ha Baith. Printed in limited edition 1000 copies, four colours plus hot gold on Tintoretto Fabriano&hellip;&nbsp;<a href=\"https:\/\/www.adarveadar.com\/index.php\/greeting-cards\/\" class=\"\" rel=\"bookmark\">Lire la suite &raquo;<span class=\"screen-reader-text\">Greeting cards<\/span><\/a><\/p>\n","protected":false},"author":1,"featured_media":0,"parent":0,"menu_order":0,"comment_status":"closed","ping_status":"closed","template":"","meta":{"neve_meta_sidebar":"","neve_meta_container":"","neve_meta_enable_content_width":"","neve_meta_content_width":0,"neve_meta_title_alignment":"","neve_meta_author_avatar":"","neve_post_elements_order":"","neve_meta_disable_header":"","neve_meta_disable_footer":"","neve_meta_disable_title":""},"_links":{"self":[{"href":"https:\/\/www.adarveadar.com\/index.php\/wp-json\/wp\/v2\/pages\/66"}],"collection":[{"href":"https:\/\/www.adarveadar.com\/index.php\/wp-json\/wp\/v2\/pages"}],"about":[{"href":"https:\/\/www.adarveadar.com\/index.php\/wp-json\/wp\/v2\/types\/page"}],"author":[{"embeddable":true,"href":"https:\/\/www.adarveadar.com\/index.php\/wp-json\/wp\/v2\/users\/1"}],"replies":[{"embeddable":true,"href":"https:\/\/www.adarveadar.com\/index.php\/wp-json\/wp\/v2\/comments?post=66"}],"version-history":[{"count":9,"href":"https:\/\/www.adarveadar.com\/index.php\/wp-json\/wp\/v2\/pages\/66\/revisions"}],"predecessor-version":[{"id":263,"href":"https:\/\/www.adarveadar.com\/index.php\/wp-json\/wp\/v2\/pages\/66\/revisions\/263"}],"wp:attachment":[{"href":"https:\/\/www.adarveadar.com\/index.php\/wp-json\/wp\/v2\/media?parent=66"}],"curies":[{"name":"wp","href":"https:\/\/api.w.org\/{rel}","templated":true}]}}